{"id":2,"date":"2026-04-21T10:24:45","date_gmt":"2026-04-21T10:24:45","guid":{"rendered":"http:\/\/monsieuroliviermedium.com\/?page_id=2"},"modified":"2026-04-22T09:55:34","modified_gmt":"2026-04-22T09:55:34","slug":"sample-page","status":"publish","type":"page","link":"https:\/\/monsieuroliviermedium.com\/","title":{"rendered":""},"content":{"rendered":"\t\t<div data-elementor-type=\"wp-page\" data-elementor-id=\"2\" class=\"elementor elementor-2\">\n\t\t\t\t<div class=\"elementor-element elementor-element-172bd1f e-flex e-con-boxed e-con e-parent\" data-id=\"172bd1f\" data-element_type=\"container\" data-e-type=\"container\">\n\t\t\t\t\t<div class=\"e-con-inner\">\n\t\t\t\t<div class=\"elementor-element elementor-element-c3fbc48 elementor-widget elementor-widget-shortcode\" data-id=\"c3fbc48\" data-element_type=\"widget\" data-e-type=\"widget\" data-widget_type=\"shortcode.default\">\n\t\t\t\t\t\t\t<div class=\"elementor-shortcode\"><\/div>\n\t\t\t\t\t\t<\/div>\n\t\t\t\t\t<\/div>\n\t\t\t\t<\/div>\n\t\t<div class=\"elementor-element elementor-element-3247f11 e-flex e-con-boxed e-con e-parent\" data-id=\"3247f11\" data-element_type=\"container\" data-e-type=\"container\">\n\t\t\t\t\t<div class=\"e-con-inner\">\n\t\t<div class=\"elementor-element elementor-element-d320967 e-con-full e-flex e-con e-child\" data-id=\"d320967\" data-element_type=\"container\" data-e-type=\"container\">\n\t\t\t\t<div class=\"elementor-element elementor-element-29c187b elementor-widget elementor-widget-image\" data-id=\"29c187b\" data-element_type=\"widget\" data-e-type=\"widget\" data-widget_type=\"image.default\">\n\t\t\t\t\t\t\t\t\t\t\t\t\t\t\t<img fetchpriority=\"high\" decoding=\"async\" width=\"768\" height=\"1024\" src=\"https:\/\/monsieuroliviermedium.com\/wp-content\/uploads\/2026\/04\/WhatsApp-Image-2026-04-18-at-18.53.44-16-768x1024.jpeg\" class=\"attachment-large size-large wp-image-63\" alt=\"\" srcset=\"https:\/\/monsieuroliviermedium.com\/wp-content\/uploads\/2026\/04\/WhatsApp-Image-2026-04-18-at-18.53.44-16-768x1024.jpeg 768w, https:\/\/monsieuroliviermedium.com\/wp-content\/uploads\/2026\/04\/WhatsApp-Image-2026-04-18-at-18.53.44-16-225x300.jpeg 225w, https:\/\/monsieuroliviermedium.com\/wp-content\/uploads\/2026\/04\/WhatsApp-Image-2026-04-18-at-18.53.44-16-1152x1536.jpeg 1152w, https:\/\/monsieuroliviermedium.com\/wp-content\/uploads\/2026\/04\/WhatsApp-Image-2026-04-18-at-18.53.44-16.jpeg 1200w\" sizes=\"(max-width: 768px) 100vw, 768px\" \/>\t\t\t\t\t\t\t\t\t\t\t\t\t\t\t<\/div>\n\t\t\t\t<\/div>\n\t\t<div class=\"elementor-element elementor-element-06d8df2 e-con-full e-flex e-con e-child\" data-id=\"06d8df2\" data-element_type=\"container\" data-e-type=\"container\">\n\t\t<div class=\"elementor-element elementor-element-0787b45 e-con-full e-flex e-con e-child\" data-id=\"0787b45\" data-element_type=\"container\" data-e-type=\"container\">\n\t\t\t\t<div class=\"elementor-element elementor-element-2ca5fa3 elementor-widget elementor-widget-text-editor\" data-id=\"2ca5fa3\" data-element_type=\"widget\" data-e-type=\"widget\" data-widget_type=\"text-editor.default\">\n\t\t\t\t\t\t\t\t\t<h5>H\u00e9ritier d&#8217;une lign\u00e9e de sensibles, Monsieur Olivier Medium a su forger une voix singuli\u00e8re au c\u0153ur de la capitale.<\/h5><h5>Son parcours n&#8217;est pas une simple succession d&#8217;\u00e9v\u00e9nements, mais une qu\u00eate initiatique visant \u00e0 r\u00e9concilier les myst\u00e8res de l\u2019invisible avec les r\u00e9alit\u00e9s tangibles de la psych\u00e9 humaine, offrant ainsi une perspective holistique unique sur le devenir de chacun.<\/h5>\t\t\t\t\t\t\t\t<\/div>\n\t\t\t\t<\/div>\n\t\t<div class=\"elementor-element elementor-element-231ebfb e-con-full e-flex e-con e-child\" data-id=\"231ebfb\" data-element_type=\"container\" data-e-type=\"container\">\n\t\t\t\t<div class=\"elementor-element elementor-element-ed5a224 elementor-widget elementor-widget-text-editor\" data-id=\"ed5a224\" data-element_type=\"widget\" data-e-type=\"widget\" data-widget_type=\"text-editor.default\">\n\t\t\t\t\t\t\t\t\t<h5>\u00c0 travers ses consultations parisiennes, il d\u00e9ploie une sagesse qui d\u00e9passe le cadre de la voyance traditionnelle. En alliant intuition profonde et compr\u00e9hension psychologique, il accompagne ses consultants vers la d\u00e9couverte de leur propre lumi\u00e8re int\u00e9rieure, leur permettant de naviguer avec discernement et clart\u00e9 dans les moments de transition les plus complexes de l&#8217;existence.<\/h5>\t\t\t\t\t\t\t\t<\/div>\n\t\t\t\t<\/div>\n\t\t\t\t<\/div>\n\t\t\t\t\t<\/div>\n\t\t\t\t<\/div>\n\t\t<div class=\"elementor-element elementor-element-cfc0838 e-flex e-con-boxed e-con e-parent\" data-id=\"cfc0838\" data-element_type=\"container\" data-e-type=\"container\" data-settings=\"{&quot;background_background&quot;:&quot;gradient&quot;}\">\n\t\t\t\t\t<div class=\"e-con-inner\">\n\t\t<div class=\"elementor-element elementor-element-9dbe75a e-con-full e-flex e-con e-child\" data-id=\"9dbe75a\" data-element_type=\"container\" data-e-type=\"container\">\n\t\t\t\t<div class=\"elementor-element elementor-element-cd02bc6 elementor-widget elementor-widget-image\" data-id=\"cd02bc6\" data-element_type=\"widget\" data-e-type=\"widget\" data-widget_type=\"image.default\">\n\t\t\t\t\t\t\t\t\t\t\t\t\t\t\t<img decoding=\"async\" width=\"714\" height=\"1000\" src=\"https:\/\/monsieuroliviermedium.com\/wp-content\/uploads\/2026\/04\/WhatsApp-Image-2026-04-18-at-20.06.14.jpeg\" class=\"attachment-medium_large size-medium_large wp-image-73\" alt=\"\" srcset=\"https:\/\/monsieuroliviermedium.com\/wp-content\/uploads\/2026\/04\/WhatsApp-Image-2026-04-18-at-20.06.14.jpeg 714w, https:\/\/monsieuroliviermedium.com\/wp-content\/uploads\/2026\/04\/WhatsApp-Image-2026-04-18-at-20.06.14-214x300.jpeg 214w\" sizes=\"(max-width: 714px) 100vw, 714px\" \/>\t\t\t\t\t\t\t\t\t\t\t\t\t\t\t<\/div>\n\t\t\t\t<div class=\"elementor-element elementor-element-4f191e9 elementor-button-danger elementor-align-center elementor-widget elementor-widget-button\" data-id=\"4f191e9\" data-element_type=\"widget\" data-e-type=\"widget\" data-widget_type=\"button.default\">\n\t\t\t\t\t\t\t\t\t\t<a class=\"elementor-button elementor-button-link elementor-size-sm\" href=\"#\">\n\t\t\t\t\t\t<span class=\"elementor-button-content-wrapper\">\n\t\t\t\t\t\t<span class=\"elementor-button-icon\">\n\t\t\t\t<svg aria-hidden=\"true\" class=\"e-font-icon-svg e-far-times-circle\" viewBox=\"0 0 512 512\" xmlns=\"http:\/\/www.w3.org\/2000\/svg\"><path d=\"M256 8C119 8 8 119 8 256s111 248 248 248 248-111 248-248S393 8 256 8zm0 448c-110.5 0-200-89.5-200-200S145.5 56 256 56s200 89.5 200 200-89.5 200-200 200zm101.8-262.2L295.6 256l62.2 62.2c4.7 4.7 4.7 12.3 0 17l-22.6 22.6c-4.7 4.7-12.3 4.7-17 0L256 295.6l-62.2 62.2c-4.7 4.7-12.3 4.7-17 0l-22.6-22.6c-4.7-4.7-4.7-12.3 0-17l62.2-62.2-62.2-62.2c-4.7-4.7-4.7-12.3 0-17l22.6-22.6c4.7-4.7 12.3-4.7 17 0l62.2 62.2 62.2-62.2c4.7-4.7 12.3-4.7 17 0l22.6 22.6c4.7 4.7 4.7 12.3 0 17z\"><\/path><\/svg>\t\t\t<\/span>\n\t\t\t\t\t\t\t\t\t<span class=\"elementor-button-text\">JE COMMANDE LE LIVRE<\/span>\n\t\t\t\t\t<\/span>\n\t\t\t\t\t<\/a>\n\t\t\t\t\t\t\t\t<\/div>\n\t\t\t\t<\/div>\n\t\t<div class=\"elementor-element elementor-element-feca2b9 e-con-full e-flex e-con e-child\" data-id=\"feca2b9\" data-element_type=\"container\" data-e-type=\"container\">\n\t\t\t\t<div class=\"elementor-element elementor-element-9907a5f elementor-widget elementor-widget-text-editor\" data-id=\"9907a5f\" data-element_type=\"widget\" data-e-type=\"widget\" data-widget_type=\"text-editor.default\">\n\t\t\t\t\t\t\t\t\t<h5>Plongez dans un dialogue in\u00e9dit o\u00f9 la spiritualit\u00e9 rencontre la science de l&#8217;esprit.<\/h5><h5>\u00c0 travers son ouvrage<\/h5><h5>&#8216;Le M\u00e9dium et le Psy&#8217;,<\/h5><h5>Olivier Medium explore les liens entre les perceptions invisibles et la compr\u00e9hension psychologique, offrant une nouvelle perspective sur le potentiel infini de l&#8217;\u00e2me humaine.\u00a0<\/h5><h5>\u00a0&#8220;Quand un m\u00e9dium reconnu rencontre un psychologue&#8230; que peuvent-ils bien se raconter ? Au fil des pages, vous ferez connaissance avec deux hommes que tout oppose, mais qui tentent de jeter des ponts entre deux mondes qui ne se c\u00f4toient pas. \u00c0 travers un dialogue o\u00f9 r\u00e9sonnent la voyance et la psychanalyse, les deux auteurs \u00e9voquent leur parcours tant personnel que professionnel et abordent des th\u00e8mes repr\u00e9sentatifs de notre modernit\u00e9, touchant chacun d&#8217;entre nous (la mort, l&#8217;\u00e9ducation, les relations hommes\/femmes, 2012&#8230;). Bien que leurs \u00e9changes singuliers soient d&#8217;embl\u00e9e ouverts, leur curiosit\u00e9 malicieuse les am\u00e8ne \u00e0 s&#8217;interroger mutuellement sur les dessous de leurs m\u00e9tiers. Finalement, ils partagent avec le lecteur tous les al\u00e9as d&#8217;une rencontre, avec son lot de myst\u00e8re, de d\u00e9couverte et d&#8217;humour. Sans pr\u00e9tendre donner des solutions, il s&#8217;agit ici d&#8217;ouvrir des pistes sur l&#8217;avenir d&#8217;un monde qui change et qui ne trouve plus de sens au mot Destin. www.monsieuroliviermedium.com<\/h5>\t\t\t\t\t\t\t\t<\/div>\n\t\t\t\t<\/div>\n\t\t\t\t\t<\/div>\n\t\t\t\t<\/div>\n\t\t<div class=\"elementor-element elementor-element-09ddf3f e-flex e-con-boxed e-con e-parent\" data-id=\"09ddf3f\" data-element_type=\"container\" data-e-type=\"container\">\n\t\t\t\t\t<div class=\"e-con-inner\">\n\t\t\t\t<div class=\"elementor-element elementor-element-846784e elementor-widget elementor-widget-shortcode\" data-id=\"846784e\" data-element_type=\"widget\" data-e-type=\"widget\" data-widget_type=\"shortcode.default\">\n\t\t\t\t\t\t\t<div class=\"elementor-shortcode\"><\/div>\n\t\t\t\t\t\t<\/div>\n\t\t\t\t\t<\/div>\n\t\t\t\t<\/div>\n\t\t\t\t<\/div>\n\t\t","protected":false},"excerpt":{"rendered":"<p>H\u00e9ritier d&#8217;une lign\u00e9e de sensibles, Monsieur Olivier Medium a su forger une voix singuli\u00e8re au c\u0153ur de la capitale. Son parcours n&#8217;est pas une simple succession d&#8217;\u00e9v\u00e9nements, mais une qu\u00eate initiatique visant \u00e0 r\u00e9concilier les myst\u00e8res de l\u2019invisible avec les r\u00e9alit\u00e9s tangibles de la psych\u00e9 humaine, offrant ainsi une perspective holistique unique sur le devenir [&hellip;]<\/p>\n","protected":false},"author":1,"featured_media":0,"parent":0,"menu_order":0,"comment_status":"closed","ping_status":"open","template":"","meta":{"footnotes":""},"class_list":["post-2","page","type-page","status-publish","hentry"],"blocksy_meta":[],"_links":{"self":[{"href":"https:\/\/monsieuroliviermedium.com\/index.php\/wp-json\/wp\/v2\/pages\/2","targetHints":{"allow":["GET"]}}],"collection":[{"href":"https:\/\/monsieuroliviermedium.com\/index.php\/wp-json\/wp\/v2\/pages"}],"about":[{"href":"https:\/\/monsieuroliviermedium.com\/index.php\/wp-json\/wp\/v2\/types\/page"}],"author":[{"embeddable":true,"href":"https:\/\/monsieuroliviermedium.com\/index.php\/wp-json\/wp\/v2\/users\/1"}],"replies":[{"embeddable":true,"href":"https:\/\/monsieuroliviermedium.com\/index.php\/wp-json\/wp\/v2\/comments?post=2"}],"version-history":[{"count":56,"href":"https:\/\/monsieuroliviermedium.com\/index.php\/wp-json\/wp\/v2\/pages\/2\/revisions"}],"predecessor-version":[{"id":180,"href":"https:\/\/monsieuroliviermedium.com\/index.php\/wp-json\/wp\/v2\/pages\/2\/revisions\/180"}],"wp:attachment":[{"href":"https:\/\/monsieuroliviermedium.com\/index.php\/wp-json\/wp\/v2\/media?parent=2"}],"curies":[{"name":"wp","href":"https:\/\/api.w.org\/{rel}","templated":true}]}}